t g be n(11). Let d = -37 + g. Suppose v + 0*v = 2*i - 23, -i + 2*v + 19 = d. What are the prime factors of i?
3
Let t be (1/(-1))/(4/228). Let v = t + 135. Suppose -45 - v = -3*x. List the prime factors of x.
41
Let z = 11998 - 8529. What are the prime factors of z?
3469
Suppose -10*r - 17*r + 7533 = 0. What are the prime factors of r?
3, 31
Let k(r) = r**3 + 16*r**2 + 76*r - 10. Let w be k(-7). Let x be (16/6)/(1/(-24)). Let v = x - w. What are the prime factors of v?
37
Let c(k) be the third derivative of -1/120*k**6 + 1/10*k**5 - 4/3*k**3 + 0*k + 0 + 5/24*k**4 + 5*k**2. List the prime factors of c(4).
2, 11
Let b(u) = u**2 - 12*u + 9. Let r be b(13). Suppose 2*c = c - y + 4, 0 = -5*c - 4*y + r. Suppose 45 = 3*a + c. List the prime factors of a.
13
Let g be (-20)/2*-1*2. Suppose 3*h = -2*h + 2*t + g, -5*h + 3*t + 20 = 0. What are the prime factors of 3*(6 + h)/2?
3, 5
Let g(d) = d**2 - 8*d + 23. Suppose 0 = 9*o - 5*o - 40. What are the prime factors of g(o)?
43
Suppose -3*k - 2*z = -1, -z + 4*z = 3*k - 6. Let g = k + 1. Let w = g + 7. List the prime factors of w.
3
Suppose 4*h = 2*s - 46, -2*h = 4*s - 2*s - 76. What are the prime factors of s/4*(-12)/(-3)?
3, 11
Let w(f) = -6*f - 4. Let l be w(-7). Suppose -h - 3*g = -5*g - l, 5*h - g = 217. List the prime factors of h.
2, 11
Let s(c) = -c**3 + 5*c**2 - 2*c - 4. Let p be s(4). Suppose 0 = q - p - 6. Suppose -13*f + q*f = -21. What are the prime factors of f?
7
Suppose 8*a - 4*a = 68. Suppose x - a = 26. Suppose 3*l - x = 65. List the prime factors of l.
2, 3
Let u(p) = 18*p**2 + 75*p + 22. What are the prime factors of u(-12)?
2, 857
Let p = 19 + -16. Let c = 1 + 1. Suppose 0 = -c*j + 2*t + 10, 3*j = -8*t + p*t + 23. What are the prime factors of j?
2, 3
Suppose -8*g = -9*g + 9. Suppose 0 = -g*k + 6*k + 18. List the prime factors of 54/4*4/k.
3
Suppose 10 - 34 = 2*z. Let s(i) = i**3 + 12*i**2 - 12*i - 23. List the prime factors of s(z).
11
Suppose b = 2*z, 0*b + 4*b = 3*z + 10. Suppose 0 = y + 4*w + 4, -2*y = z*w + w - 12. What are the prime factors of 4/((2/y)/1)?
2, 3
Suppose 8*m = 3*m + 80. Suppose -u - 5*q = -2*q + 13, -m = -3*u + 2*q. Let w = u + 6. What are the prime factors of w?
2
Suppose w - 3*w = -426. Suppose 5*j = 2*j + w. What are the prime factors of j?
71
Suppose 548 + 1018 = 3*d. Suppose 10*t - 16*t = -d. List the prime factors of t.
3, 29
Let a(s) = -s**3 - 11*s**2 + 11*s - 9. Let b be a(-12). Let y be -4 + b + 135 - 1. Suppose -y = -8*d + 75. List the prime factors of d.
2, 13
Let m(k) = 6*k - 14. Let p be m(6). Let c = 28 - p. What are the prime factors of c?
2, 3
List the prime factors of (-2)/(-6)*(-66 - -9825).
3253
Suppose -4*o - 3*w + 2*w = -342, 182 = 2*o - 5*w. Let m = -88 + 29. Let p = o + m. What are the prime factors of p?
3
Let f(v) = -12*v - 80. Let j be f(-29). Let q = -123 + j. List the prime factors of q.
5, 29
Suppose 5*a + c = 2535, 3*a - 4*c = 5*a - 1032. List the prime factors of a.
2, 11, 23
Let i = 2709 + -2640. What are the prime factors of i?
3, 23
Let n = -1264 - -4892. What are the prime factors of n?
2, 907
Let c = -22 + 36. Let g = c + -11. Suppose -g*i = 2*m - 40, 7*m - 2*m - 134 = i. What are the prime factors of m?
2, 13
Let a = -27 + 37. Let v = -5 + a. Suppose -108 = -v*g + 3*g. List the prime factors of g.
2, 3
Suppose 9022 = 5*c + j - 4176, j - 5278 = -2*c. What are the prime factors of c?
2, 3, 5, 11
Let h(m) = -m**2 - 22*m + 35. List the prime factors of h(-13).
2, 19
Let a(j) = 25*j**2 - 2*j - 106. What are the prime factors of a(-9)?
13, 149
List the prime factors of (-1)/(760/765 - 1) - 1.
2, 19
Let x(n) = n**3 - 10*n**2 + 3*n - 3. Let m = 7 - -3. Let r be x(m). List the prime factors of (-670)/(-18) - 6/r.
37
Suppose 0 = 3*v - 2 - 16. Suppose -v*s + 805 = 157. List the prime factors of s.
2, 3
Suppose 0 = 4*b - 7*b + 6. Suppose -z - b*z - 12 = 0. What are the prime factors of ((-4)/z)/1*18?
2, 3
Let l be (-9)/(156/336 - 2/(-7)). Let u(c) = c**2 - c + 17. List the prime factors of u(l).
173
Suppose -24 = t + 2*o + 2, 4*o - 56 = t. Let y = 30 - t. What are the prime factors of y?
2, 3, 11
Suppose 2*g = p - 0*p - 1, 4 = -5*g + 4*p. Let m be (6 + -3 - g)/1. Suppose -m*r + 14 = -2*r. List the prime factors of r.
2, 7
Suppose -j + 2*p + 1522 = 0, 0 = 5*p - 1 + 6. What are the prime factors of j?
2, 5, 19
Let y(b) = 3*b**2 + 5*b + 40 - 35 - 2*b**2. Suppose 5*w + 18 = -12. What are the prime factors of y(w)?
11
Suppose 0 = -3*c - 2*t + 2086, 4*c - 22*t - 2753 = -19*t. List the prime factors of c.
2, 173
Let f(b) = 14*b**2 - 2*b + 2. Let x be f(1). Let m = 9 + x. List the prime factors of m.
23
What are the prime factors of ((14 + -12)*-1)/((-1)/243)?
2, 3
Let b be (-4)/(0 - 4) - -2. List the prime factors of 20 - (3 - (b - 3)).
17
Suppose 4*j + 73 = -27. List the prime factors of (-672)/(-5) + 10/j.
2, 67
What are the prime factors of (-2709)/(-6) - (3/3)/2?
11, 41
Let g(n) = -4*n + 16. Let q be g(13). Let d = 67 + q. What are the prime factors of d?
31
What are the prime factors of 15509/3 - (4 + (-117)/27)?
2, 5, 11, 47
Suppose -14484 = -12*m + 36468. What are the prime factors of m?
2, 11, 193
Let n(g) = 3*g**2 + 4*g + 1. Let p(v) = -v + 2. Let q be p(-3). Suppose -q*x + 3*x + 6 = 0. What are the prime factors of n(x)?
2, 5
Let y(h) = h + 10. Let d be y(-10). Suppose d*q + 5 = 3*q - o, 3*q + 5*o = 11. Suppose 0 = q*r + r - 111. What are the prime factors of r?
37
Let v(l) = l**2 - 12*l - 8. Let f = -15 + 28. Let y be v(f). Suppose -w = y*h - 2 - 3, 3*h = -12. List the prime factors of w.
5
Let h be -3 - ((-3 - -4) + -9). Suppose h*o + 52 = 6*o. Let q = o - 26. List the prime factors of q.
2, 13
Let j(k) be the third derivative of k**6/120 + k**5/5 + 5*k**4/12 - 10*k**3/3 + 3*k**2 + 9. List the prime factors of j(-9).
7, 19
Let u(h) = -5*h**3 - 2*h**2 - h. Let q(b) = -b. Let k be q(1). Let d be u(k). Suppose 9*x - 35 = d*x. List the prime factors of x.
7
Let g be (2534/(-21))/(6/9). Let m = -91 - g. What are the prime factors of m?
2, 3, 5
Suppose h + 14 = 2*o - 1, 5*o - h - 36 = 0. Let t(b) = 2*b**2 - 2*b + 3. List the prime factors of t(o).
3, 29
Let z(d) = d - 1. Let o be z(4). Suppose v + 3*v + o*p - 82 = 0, -3*p - 72 = -3*v. List the prime factors of v.
2, 11
Let n = 10 - 10. Suppose n = 6*h + 31 - 379. What are the prime factors of h?
2, 29
Let p(j) = 25*j - 321. What are the prime factors of p(33)?
2, 3, 7
Let d(x) be the first derivative of 13*x**5/120 - x**4/6 - 10*x**3/3 - 10. Let g(s) be the third derivative of d(s). List the prime factors of g(3).
5, 7
Let n = 204 - -675. List the prime factors of n.
3, 293
Let z = 3892 - 1778. List the prime factors of z.
2, 7, 151
Let o = -148 + 246. Suppose 0 = 2*y - 5*m - 59, -4*y - 2*m + o = -y. Suppose -a - 3*n = -y, 4*n - 2*n = a - 17. What are the prime factors of a?
23
Let c(s) = 13*s + 42. Let g be c(-17). Let q = g - -306. What are the prime factors of q?
127
Let t(m) = -5*m**3 + 3*m**2 + 14*m - 11. Let x be t(-5). Suppose -u + 5*b + 298 = 0, -293 = -3*u - 3*b + x. What are the prime factors of u?
3, 101
Suppose 3*l = l + 30. Let c be 25/2*(-72)/l. Let d = 3 - c. List the prime factors of d.
3, 7
Let w(r) = -r - 8. Let y be w(-10). Suppose 3*v - 10 = -y*v. Suppose -v*o + 5*o - 6 = 0, s - 25 = -o. What are the prime factors of s?
23
Let x = -1475 + 2434. List the prime factors of x.
7, 137
Let r(n) = -64*n - 30. What are the prime factors of r(-75)?
2, 3, 5, 53
Let n = 1115 - 304. What are the prime factors of n?
811
Let k(p) = p**3 + 4*p**2 + 2*p + 3. Let x be k(-3). Let o = x + -2. Suppose t = 17 + o. What are the prime factors of t?
3, 7
Suppose 5*g - 4*n = 8, n = -4*g - 4*n - 10. What are the prime factors of g + -2 + 4 + 114?
2, 29
Suppose -b = -6*b - 745. Let t = b + 315. Suppose t = 5*q - 4*i, 3*q - 5*q - 5*i = -73. What are the prime factors of q?
2, 17
Let i = -7 - -19. List the prime factors of -2 - -3*i*8/3.
2, 47
Let q(k) = -k**3 + 4*k**2 - 2*k - 5. Let d be q(3). List the prime factors of d/2 + (22 - -6).
3
Let h be (69 - 0 - 2)*6. Let n be h/4 + (-6)/(-12). Let l = -68 + n. List the prime factors of l.
3, 11
Let g(a) be the second derivative of -a**4/12 + a**3/6 + 3*a**2/2 + 2*a. Let c be g(3). List the prime factors of c*(0 - 1) - -28.
31
Let z be ((-7)/(35/(-6)))